{"id":1384,"date":"2022-07-11T17:33:26","date_gmt":"2022-07-11T20:33:26","guid":{"rendered":"https:\/\/pgeventos.com.ar\/nueva\/?page_id=1384"},"modified":"2022-07-11T18:15:10","modified_gmt":"2022-07-11T21:15:10","slug":"preguntas-frecuentes","status":"publish","type":"page","link":"https:\/\/pgeventos.com.ar\/nueva\/preguntas-frecuentes\/","title":{"rendered":"Preguntas Frecuentes"},"content":{"rendered":"<div class=\"wpb-content-wrapper\"><p>[vc_row padding_top=&#8221;0&#8243; padding_bottom=&#8221;0&#8243;][vc_column][vc_column_text]<strong>\u00bfQu\u00e9 son las bodas con Misa y sin Misa?<\/strong><\/p>\n<p>El Sacramento del Matrimonio puede celebrarse s\u00f3lo, pero si los novios son creyente o practicante, pueden celebrarlo dentro del marco de una Misa, es decir, expresando los votos matrimoniales en medio de la celebraci\u00f3n de una Eucarist\u00eda. La ceremonia es entonces un poco m\u00e1s larga.<br \/>\n\u00bfHace falta estar bautizado para casarse por la iglesia?<br \/>\nLa Iglesia exige que los contrayentes est\u00e9n bautizados con anterioridad, porque el bautismo implica la entrada en la Iglesia de las personas que quieren formar parte de ella. Actualmente hay una preparaci\u00f3n para los adultos que deseen recibirlo.<\/p>\n<p>Para saber qu\u00e9 pasos seguir hay que consultar en la iglesia m\u00e1s cercana a tu domicilio, y ah\u00ed te van a asesorar de los pasos a seguir.<\/p>\n<p><strong>\u2013 \u00bfHace falta haber tomado la comuni\u00f3n para casarse por la iglesia?<\/strong><\/p>\n<p>Si los contrayentes no han hecho la comuni\u00f3n pueden igualmente casarse por la Iglesia pero sin Misa, solo con la bendici\u00f3n del Sacerdote, como una celebraci\u00f3n de la Palabra.<\/p>\n<p><strong>\u2013 \u00bfHace falta estar confirmado para casarse por la iglesia?<\/strong><\/p>\n<p>Actualmente, la Iglesia no exige a los novios estar confirmados para contraer matrimonio, aunque aconseja que lo est\u00e9n.<\/p>\n<p><strong>\u2013 \u00bfQu\u00e9 documentaci\u00f3n y con cu\u00e1nta antelaci\u00f3n es necesario prepararla para contraer matrimonio por la iglesia cat\u00f3lica?<\/strong><\/p>\n<p>Para casarse por la iglesia los contrayentes deben presentar un Expediente Matrimonial para el que necesitan la partida de bautismo, la partida de nacimiento, su DNI y en algunos casos se pide el certificado del curso prematrimonial.Se recomienda que los novios reserven la iglesia un a\u00f1o antes de la celebraci\u00f3n debido a la gran demanda, luego en la parroquia nos informar\u00e1n los plazos que tenemos para entregar la documentaci\u00f3n.<\/p>\n<p><strong>\u2013 Mi novio es de otra religi\u00f3n. \u00bfCu\u00e1les son los requisitos para poder casarnos sin que \u00e9l abandone su religi\u00f3n y no se bautice?<\/strong><\/p>\n<p>Los novios en esta situaci\u00f3n deber\u00e1n ir al obispado de la ciudad donde se celebrara la ceremonia y all\u00ed les har\u00e1n un expediente espec\u00edfico para estos casos.<\/p>\n<p><strong>\u2013 Queremos casarnos en la playa, en el campo en el jard\u00edn de casa\u2026<\/strong><\/p>\n<p>No hay inconveniente para celebrar bodas religiosas fuera de las iglesias, sin embargo pocos Sacerdotes se prestan a ello. Los novios deber\u00e1n preguntar al Sacerdote que quieren que los case si esta posibilidad existe o bien deber\u00e1n acudir a la delegaci\u00f3n pastoral Juvenil de la di\u00f3cesis ya que los Sacerdotes mas j\u00f3venes son los m\u00e1s dispuestos a realizar bodas de este tipo.<\/p>\n<p><strong>\u2013 \u00bfCu\u00e1nto cuesta la celebraci\u00f3n de una boda religiosa y cu\u00e1nto se debe pagar a la iglesia?<\/strong><\/p>\n<p>Existen tres tipos de celebraciones:<\/p>\n<p><strong>\u2013 Realizar la boda en una Misa la cual no tiene costo, aunque existe la posibilidad que la iglesia pida un donativo.<\/strong><\/p>\n<p>\u2013 Realizar la boda en una celebraci\u00f3n privada dentro de la Iglesia, en donde el cura o p\u00e1rroco pide un donativo, cabe recordar que este donativo no incluye la decoraci\u00f3n de la iglesia ni la musicalizaci\u00f3n de la ceremonia.<\/p>\n<p><strong>\u2013 Por \u00faltimo realizar la boda con una celebraci\u00f3n privada fuera de la iglesia, en donde el costo es m\u00e1s alto y requiere otro tipo de organizaci\u00f3n ya que se deber\u00e1 armar un altar en el lugar donde los novios deseen.<\/strong><\/p>\n<p>Para averiguar los costos debe dirigirse a la iglesia o bien concertar una entrevista con el Religioso que los casar\u00e1.[\/vc_column_text][\/vc_column][\/vc_row]<\/p>\n<\/div>","protected":false},"excerpt":{"rendered":"<p>[vc_row padding_top=&#8221;0&#8243; padding_bottom=&#8221;0&#8243;][vc_column][vc_column_text]\u00bfQu\u00e9 son las bodas con Misa y sin Misa? El Sacramento del Matrimonio puede celebrarse s\u00f3lo, pero si los novios son creyente o practicante, pueden celebrarlo dentro del marco de una Misa, es decir, expresando los votos matrimoniales en medio de la celebraci\u00f3n de una Eucarist\u00eda. La ceremonia es entonces un poco m\u00e1s [&hellip;]<\/p>\n","protected":false},"author":1,"featured_media":0,"parent":0,"menu_order":10,"comment_status":"closed","ping_status":"closed","template":"","meta":{"_joinchat":[],"footnotes":""},"class_list":["post-1384","page","type-page","status-publish","hentry"],"yoast_head":"<!-- This site is optimized with the Yoast SEO plugin v27.4 - https:\/\/yoast.com\/product\/yoast-seo-wordpress\/ -->\n<title>Preguntas Frecuentes - PG Eventos<\/title>\n<meta name=\"robots\" content=\"index, follow, max-snippet:-1, max-image-preview:large, max-video-preview:-1\" \/>\n<link rel=\"canonical\" href=\"https:\/\/pgeventos.com.ar\/nueva\/preguntas-frecuentes\/\" \/>\n<meta property=\"og:locale\" content=\"es_ES\" \/>\n<meta property=\"og:type\" content=\"article\" \/>\n<meta property=\"og:title\" content=\"Preguntas Frecuentes - PG Eventos\" \/>\n<meta property=\"og:description\" content=\"[vc_row padding_top=&#8221;0&#8243; padding_bottom=&#8221;0&#8243;][vc_column][vc_column_text]\u00bfQu\u00e9 son las bodas con Misa y sin Misa? El Sacramento del Matrimonio puede celebrarse s\u00f3lo, pero si los novios son creyente o practicante, pueden celebrarlo dentro del marco de una Misa, es decir, expresando los votos matrimoniales en medio de la celebraci\u00f3n de una Eucarist\u00eda. La ceremonia es entonces un poco m\u00e1s [&hellip;]\" \/>\n<meta property=\"og:url\" content=\"https:\/\/pgeventos.com.ar\/nueva\/preguntas-frecuentes\/\" \/>\n<meta property=\"og:site_name\" content=\"PG Eventos\" \/>\n<meta property=\"article:publisher\" content=\"https:\/\/www.facebook.com\/profile.php?id=100063526689790\" \/>\n<meta property=\"article:modified_time\" content=\"2022-07-11T21:15:10+00:00\" \/>\n<meta property=\"og:image\" content=\"https:\/\/pgeventos.com.ar\/nueva\/wp-content\/uploads\/2023\/10\/292509264_468587121935507_7448197559576855527_n.jpg\" \/>\n\t<meta property=\"og:image:width\" content=\"350\" \/>\n\t<meta property=\"og:image:height\" content=\"224\" \/>\n\t<meta property=\"og:image:type\" content=\"image\/jpeg\" \/>\n<meta name=\"twitter:card\" content=\"summary_large_image\" \/>\n<meta name=\"twitter:label1\" content=\"Tiempo de lectura\" \/>\n\t<meta name=\"twitter:data1\" content=\"3 minutos\" \/>\n<script type=\"application\/ld+json\" class=\"yoast-schema-graph\">{\"@context\":\"https:\\\/\\\/schema.org\",\"@graph\":[{\"@type\":\"WebPage\",\"@id\":\"https:\\\/\\\/pgeventos.com.ar\\\/nueva\\\/preguntas-frecuentes\\\/\",\"url\":\"https:\\\/\\\/pgeventos.com.ar\\\/nueva\\\/preguntas-frecuentes\\\/\",\"name\":\"Preguntas Frecuentes - PG Eventos\",\"isPartOf\":{\"@id\":\"https:\\\/\\\/pgeventos.com.ar\\\/nueva\\\/#website\"},\"datePublished\":\"2022-07-11T20:33:26+00:00\",\"dateModified\":\"2022-07-11T21:15:10+00:00\",\"breadcrumb\":{\"@id\":\"https:\\\/\\\/pgeventos.com.ar\\\/nueva\\\/preguntas-frecuentes\\\/#breadcrumb\"},\"inLanguage\":\"es-AR\",\"potentialAction\":[{\"@type\":\"ReadAction\",\"target\":[\"https:\\\/\\\/pgeventos.com.ar\\\/nueva\\\/preguntas-frecuentes\\\/\"]}]},{\"@type\":\"BreadcrumbList\",\"@id\":\"https:\\\/\\\/pgeventos.com.ar\\\/nueva\\\/preguntas-frecuentes\\\/#breadcrumb\",\"itemListElement\":[{\"@type\":\"ListItem\",\"position\":1,\"name\":\"Inicio\",\"item\":\"https:\\\/\\\/pgeventos.com.ar\\\/nueva\\\/\"},{\"@type\":\"ListItem\",\"position\":2,\"name\":\"Preguntas Frecuentes\"}]},{\"@type\":\"WebSite\",\"@id\":\"https:\\\/\\\/pgeventos.com.ar\\\/nueva\\\/#website\",\"url\":\"https:\\\/\\\/pgeventos.com.ar\\\/nueva\\\/\",\"name\":\"PG Eventos - Sal\u00f3n de Fiestas Rosario\",\"description\":\"\",\"publisher\":{\"@id\":\"https:\\\/\\\/pgeventos.com.ar\\\/nueva\\\/#organization\"},\"alternateName\":\"Sal\u00f3n de Fiestas Rosario\",\"potentialAction\":[{\"@type\":\"SearchAction\",\"target\":{\"@type\":\"EntryPoint\",\"urlTemplate\":\"https:\\\/\\\/pgeventos.com.ar\\\/nueva\\\/?s={search_term_string}\"},\"query-input\":{\"@type\":\"PropertyValueSpecification\",\"valueRequired\":true,\"valueName\":\"search_term_string\"}}],\"inLanguage\":\"es-AR\"},{\"@type\":\"Organization\",\"@id\":\"https:\\\/\\\/pgeventos.com.ar\\\/nueva\\\/#organization\",\"name\":\"Salones de Fiestas en Rosario\",\"url\":\"https:\\\/\\\/pgeventos.com.ar\\\/nueva\\\/\",\"logo\":{\"@type\":\"ImageObject\",\"inLanguage\":\"es-AR\",\"@id\":\"https:\\\/\\\/pgeventos.com.ar\\\/nueva\\\/#\\\/schema\\\/logo\\\/image\\\/\",\"url\":\"https:\\\/\\\/pgeventos.com.ar\\\/nueva\\\/wp-content\\\/uploads\\\/2023\\\/10\\\/292509264_468587121935507_7448197559576855527_n.jpg\",\"contentUrl\":\"https:\\\/\\\/pgeventos.com.ar\\\/nueva\\\/wp-content\\\/uploads\\\/2023\\\/10\\\/292509264_468587121935507_7448197559576855527_n.jpg\",\"width\":350,\"height\":224,\"caption\":\"Salones de Fiestas en Rosario\"},\"image\":{\"@id\":\"https:\\\/\\\/pgeventos.com.ar\\\/nueva\\\/#\\\/schema\\\/logo\\\/image\\\/\"},\"sameAs\":[\"https:\\\/\\\/www.facebook.com\\\/profile.php?id=100063526689790\"]}]}<\/script>\n<!-- \/ Yoast SEO plugin. -->","yoast_head_json":{"title":"Preguntas Frecuentes - PG Eventos","robots":{"index":"index","follow":"follow","max-snippet":"max-snippet:-1","max-image-preview":"max-image-preview:large","max-video-preview":"max-video-preview:-1"},"canonical":"https:\/\/pgeventos.com.ar\/nueva\/preguntas-frecuentes\/","og_locale":"es_ES","og_type":"article","og_title":"Preguntas Frecuentes - PG Eventos","og_description":"[vc_row padding_top=&#8221;0&#8243; padding_bottom=&#8221;0&#8243;][vc_column][vc_column_text]\u00bfQu\u00e9 son las bodas con Misa y sin Misa? El Sacramento del Matrimonio puede celebrarse s\u00f3lo, pero si los novios son creyente o practicante, pueden celebrarlo dentro del marco de una Misa, es decir, expresando los votos matrimoniales en medio de la celebraci\u00f3n de una Eucarist\u00eda. La ceremonia es entonces un poco m\u00e1s [&hellip;]","og_url":"https:\/\/pgeventos.com.ar\/nueva\/preguntas-frecuentes\/","og_site_name":"PG Eventos","article_publisher":"https:\/\/www.facebook.com\/profile.php?id=100063526689790","article_modified_time":"2022-07-11T21:15:10+00:00","og_image":[{"width":350,"height":224,"url":"https:\/\/pgeventos.com.ar\/nueva\/wp-content\/uploads\/2023\/10\/292509264_468587121935507_7448197559576855527_n.jpg","type":"image\/jpeg"}],"twitter_card":"summary_large_image","twitter_misc":{"Tiempo de lectura":"3 minutos"},"schema":{"@context":"https:\/\/schema.org","@graph":[{"@type":"WebPage","@id":"https:\/\/pgeventos.com.ar\/nueva\/preguntas-frecuentes\/","url":"https:\/\/pgeventos.com.ar\/nueva\/preguntas-frecuentes\/","name":"Preguntas Frecuentes - PG Eventos","isPartOf":{"@id":"https:\/\/pgeventos.com.ar\/nueva\/#website"},"datePublished":"2022-07-11T20:33:26+00:00","dateModified":"2022-07-11T21:15:10+00:00","breadcrumb":{"@id":"https:\/\/pgeventos.com.ar\/nueva\/preguntas-frecuentes\/#breadcrumb"},"inLanguage":"es-AR","potentialAction":[{"@type":"ReadAction","target":["https:\/\/pgeventos.com.ar\/nueva\/preguntas-frecuentes\/"]}]},{"@type":"BreadcrumbList","@id":"https:\/\/pgeventos.com.ar\/nueva\/preguntas-frecuentes\/#breadcrumb","itemListElement":[{"@type":"ListItem","position":1,"name":"Inicio","item":"https:\/\/pgeventos.com.ar\/nueva\/"},{"@type":"ListItem","position":2,"name":"Preguntas Frecuentes"}]},{"@type":"WebSite","@id":"https:\/\/pgeventos.com.ar\/nueva\/#website","url":"https:\/\/pgeventos.com.ar\/nueva\/","name":"PG Eventos - Sal\u00f3n de Fiestas Rosario","description":"","publisher":{"@id":"https:\/\/pgeventos.com.ar\/nueva\/#organization"},"alternateName":"Sal\u00f3n de Fiestas Rosario","potentialAction":[{"@type":"SearchAction","target":{"@type":"EntryPoint","urlTemplate":"https:\/\/pgeventos.com.ar\/nueva\/?s={search_term_string}"},"query-input":{"@type":"PropertyValueSpecification","valueRequired":true,"valueName":"search_term_string"}}],"inLanguage":"es-AR"},{"@type":"Organization","@id":"https:\/\/pgeventos.com.ar\/nueva\/#organization","name":"Salones de Fiestas en Rosario","url":"https:\/\/pgeventos.com.ar\/nueva\/","logo":{"@type":"ImageObject","inLanguage":"es-AR","@id":"https:\/\/pgeventos.com.ar\/nueva\/#\/schema\/logo\/image\/","url":"https:\/\/pgeventos.com.ar\/nueva\/wp-content\/uploads\/2023\/10\/292509264_468587121935507_7448197559576855527_n.jpg","contentUrl":"https:\/\/pgeventos.com.ar\/nueva\/wp-content\/uploads\/2023\/10\/292509264_468587121935507_7448197559576855527_n.jpg","width":350,"height":224,"caption":"Salones de Fiestas en Rosario"},"image":{"@id":"https:\/\/pgeventos.com.ar\/nueva\/#\/schema\/logo\/image\/"},"sameAs":["https:\/\/www.facebook.com\/profile.php?id=100063526689790"]}]}},"_links":{"self":[{"href":"https:\/\/pgeventos.com.ar\/nueva\/wp-json\/wp\/v2\/pages\/1384","targetHints":{"allow":["GET"]}}],"collection":[{"href":"https:\/\/pgeventos.com.ar\/nueva\/wp-json\/wp\/v2\/pages"}],"about":[{"href":"https:\/\/pgeventos.com.ar\/nueva\/wp-json\/wp\/v2\/types\/page"}],"author":[{"embeddable":true,"href":"https:\/\/pgeventos.com.ar\/nueva\/wp-json\/wp\/v2\/users\/1"}],"replies":[{"embeddable":true,"href":"https:\/\/pgeventos.com.ar\/nueva\/wp-json\/wp\/v2\/comments?post=1384"}],"version-history":[{"count":7,"href":"https:\/\/pgeventos.com.ar\/nueva\/wp-json\/wp\/v2\/pages\/1384\/revisions"}],"predecessor-version":[{"id":1392,"href":"https:\/\/pgeventos.com.ar\/nueva\/wp-json\/wp\/v2\/pages\/1384\/revisions\/1392"}],"wp:attachment":[{"href":"https:\/\/pgeventos.com.ar\/nueva\/wp-json\/wp\/v2\/media?parent=1384"}],"curies":[{"name":"wp","href":"https:\/\/api.w.org\/{rel}","templated":true}]}}